the prime factors of s?
2, 3
Let y be (-9 - -3)*20/6. Let r = -10 - y. What are the prime factors of r?
2, 5
Let i(c) = -c + 19. List the prime factors of i(-8).
3
Let h be (-836)/(-8) + 1/2. Suppose -2*c = c + 5*a - h, -63 = -2*c - a. What are the prime factors of c?
2, 3, 5
List the prime factors of (3 - 1) + (1 - -26).
29
Let n(h) = 6*h - 12. Let q be n(-9). Let y = -35 - q. What are the prime factors of y?
31
Let t(g) = -g**3 - 19*g**2 + 13*g - 15. List the prime factors of t(-20).
5
Let d(k) = -k**2 - 8*k - 3. List the prime factors of d(-4).
13
Let t(z) = -12*z - 42. List the prime factors of t(-16).
2, 3, 5
Let k = 41 + 25. List the prime factors of k.
2, 3, 11
Suppose 2*u = -19 + 3. Suppose -3*n = -2*n - 3. Let k = n - u. What are the prime factors of k?
11
Suppose -5*g + 3*u + 431 = -131, 3*g - 338 = 2*u. Suppose z - 6*z = -g. What are the prime factors of z?
2, 11
Let u(s) = 5*s - 7. What are the prime factors of u(9)?
2, 19
Let d = 37 - 12. What are the prime factors of d?
5
Suppose -6*s + 4*s + 12 = 0. What are the prime factors of s?
2, 3
Suppose -148 = -2*x + 4*n, n = 3*x - 7*x + 314. List the prime factors of x.
2, 3, 13
Suppose 3*m + 257 = r, -41 + 16 = -5*m. What are the prime factors of r?
2, 17
Let n be (4/6)/((-1)/(-18)). Suppose h - n = -3*h. Suppose h*y - 5*y + 30 = 0. What are the prime factors of y?
3, 5
Let c(o) = -8*o**2 + 4*o + 4*o**3 - 5 + 3*o - 5*o**3. List the prime factors of c(-9).
13
List the prime factors of (-341)/(-4) - 11/44.
5, 17
Let s be 1*50 - 10/10. Suppose -7*z + 3*z - s = -d, 5*d - 4*z - 165 = 0. What are the prime factors of d?
29
Let j(p) = -p**3 + 4*p**2 + 2*p - 6. List the prime factors of j(4).
2
Let u(g) = g**2 + 2*g - 1. Suppose 5*s = -2*w + 23, -2*w = w - 12. List the prime factors of u(s).
2, 7
Let a = -6 - -256. What are the prime factors of a?
2, 5
Suppose 0 = -4*l + 4*w + 508, -l = 2*l + w - 397. List the prime factors of l.
131
What are the prime factors of -3 + (-4 - -5) + 30?
2, 7
Let p(d) = -d**3 - 3*d**2 - d + 3. Let k be p(-3). Let h = k + -6. Suppose -5*r - 22 = -2*t + 10, t + r - 9 = h. List the prime factors of t.
11
Let s(c) = c**3 + 6*c**2 + c + 7. Let r be s(-6). Let z = 3 + r. Suppose z*k = 2*k + 22. List the prime factors of k.
11
Let j be ((-2)/(-5))/(4/20). Suppose 0 = x - j + 3, -2*f - x = -11. What are the prime factors of (-23)/(-7) - f/21?
3
Suppose 39 = 2*b + 3. Suppose t - b = -t. List the prime factors of t.
3
Suppose u = 4 - 0. Suppose u*n + 0*n - 76 = 0. List the prime factors of n.
19
Suppose 28 = 2*c + w + 4, 16 = 4*w. Suppose -3*i - c - 2 = -3*g, -3*i - 21 = -4*g. List the prime factors of g.
3
List the prime factors of -29*(-4 - -2 - 0).
2, 29
Suppose 0*q - 191 = -5*q + 3*r, -3*r + 31 = q. List the prime factors of q.
37
Let d(q) = -q - 3. Let s be d(0). Suppose 4*i + 68 = 56. List the prime factors of (5 + s - i) + 3.
2
List the prime factors of (131/3)/((-4)/(-12)).
131
Let m(q) = 3*q**2 - 1. Let a(k) = k**3 + 7*k**2 + 5*k - 5. Let o be a(-6). Let l be m(o). Suppose l*g - 7*g + 45 = 0. List the prime factors of g.
3
Suppose -7*g = -5*g - 50. What are the prime factors of g?
5
Let f(j) = -j**2 + 6*j + 10. Let k be f(7). List the prime factors of (4/(-8))/(k/(-186)).
31
Let a(v) = v**2 - 2*v + 2. What are the prime factors of a(4)?
2, 5
Let a(z) = 4*z**3 - 2*z**2 + 2*z - 1. Let w be a(1). Suppose w*m + 14 - 2 = 0. What are the prime factors of (-8)/12*78/m?
13
Suppose 2*i - 5 = -3*i. Suppose -2*p = -i - 5. Suppose p*g = w + 26, -g + 25 + 1 = 4*w. List the prime factors of g.
2, 5
Let a = 181 - 12. List the prime factors of a.
13
List the prime factors of (21/(-9))/((-2)/54).
3, 7
Suppose -32*m - 8 = -33*m. List the prime factors of m.
2
Suppose 4*b = -2*s + 2 + 28, 3*s - 5*b - 1 = 0. Let h = -3 - s. Let f = -7 - h. List the prime factors of f.
3
What are the prime factors of -36*2*(-3)/6?
2, 3
Let f = -12 - -123. List the prime factors of f.
3, 37
Let i(n) = -2*n - 6. Suppose 5*j - 2*t - 60 = 0, 2*j + 0*t + 3*t = 5. Let q = 6 - j. What are the prime factors of i(q)?
2
Let f(i) = i**2 + 11*i - 2. Let o be f(-11). Let b = 54 - 22. List the prime factors of (b/(-4))/(o - -1).
2
Let l(w) = w**2 + 2*w + 66. List the prime factors of l(0).
2, 3, 11
Suppose -2*l + 6 = -6. Suppose -3*y = -l - 3. List the prime factors of (13/3)/(1/y).
13
Let l = 7 - 10. Let a be 8*l/(24/22). Let y = -9 - a. List the prime factors of y.
13
Let r(n) = n**3 - n**2 + n + 3. Let f be r(0). Suppose g - 44 = -f*g. Suppose -4*m = 4, -2*m = -l + g - 4. List the prime factors of l.
5
Suppose 7*m - 80 = 2*m. Suppose -3*b + m - 4 = 0. Suppose -b*d + 3*i + 38 = 2*i, -5*i = -d. List the prime factors of d.
2, 5
Suppose -h + 5*k - 2*k = 428, 3*k + 892 = -2*h. List the prime factors of h/(-11) - (0 - 0).
2, 5
Suppose -2*v + 5 = 5*u - 9, -3*v + 16 = 5*u. List the prime factors of v.
2
Let f(c) = -c - 2. Let l be f(2). What are the prime factors of (-64)/12*9/l?
2, 3
Let y(s) = -36 - 38*s**3 - 2*s**2 + 35 - 2*s + 0*s. List the prime factors of y(-1).
37
Let c = 15 - 12. List the prime factors of c.
3
Suppose 4*j = 5*k - 206, 3*k - 145 = -2*j - 39. What are the prime factors of k?
2, 19
Let t(j) = 2*j**2 + 2*j. Let v be t(-4). Suppose 0*h + 3*i = 2*h - v, -10 = 5*i. What are the prime factors of h?
3
Suppose -2 = -s + 1, 2*g + s = 3. Let c be 20/7*7/2. Suppose 0 = -5*y + c, 2*u + g*y - 5*y - 10 = 0. List the prime factors of u.
2, 5
Suppose -4*o + 2*d + 26 = -48, 3*o - 55 = 2*d. List the prime factors of o.
19
Let g be (-66)/(-15) - 2/5. Suppose r = 4*p + 8 - 63, 2*p - g*r - 38 = 0. List the prime factors of p.
13
Suppose 4*u - 482 = 5*j - 1447, 3*j = -2*u + 601. What are the prime factors of j?
197
Let s = -4 + 6. Suppose -10 = 2*n + 2*a, -n + s*a + 2*a = 0. Let u(l) = -l**2 - 6*l - 4. What are the prime factors of u(n)?
2
What are the prime factors of (-48)/128 - (-134)/16?
2
Let o be 3/2*4/3. Suppose t - 3*c - 22 = 0, o + 3 = -c. Suppose 1 - t = -d. List the prime factors of d.
2, 3
Let v(y) = 2*y + 10. Let h be 47/5 + (-2)/5. What are the prime factors of v(h)?
2, 7
Let x = 40 + 3. List the prime factors of x.
43
Suppose 51 = 4*p - 57. Let w = p + -11. What are the prime factors of w?
2
Suppose -8*q + 117 = -187. What are the prime factors of q?
2, 19
Suppose -3*s + 8 = -5*g + 49, -4*s = 4*g - 52. List the prime factors of 7/14*g*4.
2, 5
Suppose x = -1 + 6. Suppose 32 = x*d + 7. Suppose 2*b + 12 = d*b, -3*k + 44 = 5*b. What are the prime factors of k?
2
Let b(t) = t. Let y be b(5). Let k be (-42)/y - 2/(-5). What are the prime factors of (22/k)/((-4)/16)?
11
Let v(x) = x**3 + x + 11. Let g(i) be the second derivative of i**5/20 + 7*i**4/12 - 7*i**3/6 + 4*i**2 + 2*i. Let k be g(-8). List the prime factors of v(k).
11
Let p = 1 - 3. What are the prime factors of (-13)/p*1*2?
13
Let a(n) = -5*n**2 - 13*n - 3. Let u(i) = 6*i**2 + 13*i + 2. Let c(b) = 5*a(b) + 4*u(b). Let z be ((-2)/4)/((-1)/(-24)). List the prime factors of c(z).
5
Let j = -69 - -151. What are the prime factors of j?
2, 41
Let t(j) = 2*j - 2. Let b be 12/5 + (-14)/35. Let i be t(b). Suppose -3 - 5 = -i*d. List the prime factors of d.
2
Let b = -1 + 3. Suppose 5*z = 9 + 11. Let d = z - b. List the prime factors of d.
2
Suppose 5 = -2*z + 35. What are the prime factors of z?
3, 5
Let o(v) = v - 2. Let y be o(4). Let j = y - 1. Suppose -i = 3*i + 20, -i + j = 2*t. List the prime factors of t.
3
Suppose -4 + 2 = -t. Let m(k) = k + 13. Let i be m(0). Suppose 0 = d + t - i. List the prime factors of d.
11
Let t be (-2 - -1)*(-1 - -1). Suppose t = 4*d + 6 + 2. What are the prime factors of d/(-10) + 98/10?
2, 5
Suppose -4*c = 4*p - 28, 6 = -3*p + 3*c - 3. Let b(m) = 2 - 2*m - 3*m - m**2 - p*m. What are the prime factors of b(-5)?
2, 3
Let b(k) = -3*k + 29. What are the prime factors of b(-7)?
2, 5
Suppose -7 = 2*h - 3. List the prime factors of 0/1 - (h - 15).
17
Let u(d) = d**2 + 8*d + 7. Let p be u(-8). Let v = -12 - -8. Let h = v + p. What are the prime factors of h?
3
Let d be (-2)/2*(-6)/3. Suppose 2*t - 116 = -d*t. Suppose -3*h - t = -3*u - 5*h, -4*h + 47 = 5*u. List the prime factors of u.
11
Let k = -25 - -40. Suppose t + 2*t = 5*w - 7, -5*t = -3*w - k. List the prime factors of t.
2, 3
Let v(q) = -q**3 + q**2 + q - 3. Let i be v(